its digit of 2/9 + 4 + (-3612)/k?
8
What is the thousands digit of 939654/50 + 202/(-2525)?
8
Let g(n) = 21*n**2 - 95*n + 867. What is the hundreds digit of g(9)?
7
Let b = 17 - 24. Let j(c) = 5 - 3 - c + 1 + 0. What is the tens digit of j(b)?
1
Suppose -40 = -8*k + 3*k. Suppose 5*y - 2*y - 945 = 0. Suppose 5*a + 3*w - 345 = k*w, 5*a - y = -5*w. What is the tens digit of a?
6
Let j be ((-3)/(81/(-252)))/((-2)/(-48)). Suppose u = -j + 902. What is the hundreds digit of u?
6
Suppose 4*n = 2*r - 70610, -4*r - 2*n + 22438 = -118722. What is the units digit of r?
3
Let x(j) = j**3 - 27*j**2 - 2*j + 26. Let b be x(25). Let m = -839 - b. What is the units digit of m?
5
Suppose 3262*b - 3263*b - 28722 = -4*q, -3*q = 5*b - 21576. What is the tens digit of q?
8
Suppose -2*v - 7 = -g, -64 = -5*g + 4*v + 1. Let i = -28 + g. Let w(z) = -6*z + 16. What is the units digit of w(i)?
2
Suppose 17*o + 260045 - 233249 = 941940. What is the ten thousands digit of o?
5
Suppose v + 20 = -5*s, -v - 4*s = 14 + 2. Suppose g + 3 + v = 5*n, 4*n = -3*g - 9. Suppose n = 4*k - 0*k - 120. What is the tens digit of k?
3
Let a(d) = -d**3 - 5*d**2 - 4*d + 2. Let f be a(-4). Let m be 12 - ((2 - f) + 3). Suppose m*w + 134 = 602. What is the tens digit of w?
5
Let u be ((-169)/(-39))/(2/90). Let g be (352 + 12/4)/1. Let b = g - u. What is the hundreds digit of b?
1
Suppose 4*w = 3*u + 3 - 87, 0 = -2*u + 3*w + 55. Let t be 4/(u/(-700)) - 2/4. Let q = t + 201. What is the units digit of q?
3
What is the units digit of (-18)/24 - (2 + 95805/(-12))?
1
Let u be (-2)/8 - (3/(-12) - 2). Suppose z + 1237 = 3*s, 832 = -u*s + 4*s + 3*z. Suppose -5*a = 15, -5*o + s = -3*a + 2*a. What is the tens digit of o?
8
Suppose 4*q = -2*u + 66946, -3*u + 2*q = -122184 + 21749. What is the units digit of u?
7
Let n = -6171 - -11890. What is the hundreds digit of n?
7
Suppose -2*y + 4*i = -3832, 0 = -39*y + 42*y + 4*i - 5708. Suppose -12*g - y = -30*g. What is the tens digit of g?
0
Suppose w = 2*b - 102005, -4 = -5*w + w. Let x be (-2)/(-18) + b/243. Let a = 420 - x. What is the tens digit of a?
1
Let l(z) = -z**3 + 56*z**2 + 5*z - 101. What is the thousands digit of l(52)?
0
Suppose -2*g = -10*g + 32. Suppose -2*i = -5*i - g*i. Suppose i = -k - w + 128, 2*k - 3*k + 124 = 3*w. What is the tens digit of k?
3
Let z(k) = 501*k**2 - 302*k + 15. What is the thousands digit of z(-8)?
4
Let g(z) = z**3 - 11*z**2 + 3*z - 23. Let l be g(11). What is the units digit of 95 + -5*(-2)/l?
6
Suppose -2*c + 4 + 264 = 0. Suppose -3*m + c = -184. Let p = m + -74. What is the units digit of p?
2
Suppose -2*f - 1700 = 4*r, 6*r - 40*f = -35*f - 2550. Suppose -h - 5*y - 45 = 0, -2 = -5*y + 3. What is the hundreds digit of 40/h*r/2?
1
Suppose 82*d + 50908 = 86*d - 4*h, 3*d + h = 38169. What is the thousands digit of d?
2
Let c = -8328 - -23266. What is the ten thousands digit of c?
1
Let q = 876 - -452. What is the units digit of (-15 + 8)*q/(-28)?
2
Suppose 2*d + 628 = 5*z + d, 5*d - 262 = -2*z. Let j = 322 - z. What is the tens digit of j?
9
Suppose 2*o - 10 = 0, 5*b - 15 = -o - 5. Let d be (-8)/(-4)*(0 + b). What is the tens digit of ((-6)/d)/((-39)/494)?
3
Suppose -c + 4 = -2*i + 6, -2*c + 5 = 5*i. What is the tens digit of (-2 - i) + -1 + 1 + 562?
5
Let j(q) = -q**3 - 9*q**2 + 9*q - 5. Let n be j(-10). Suppose -3*g + n*u - 1160 = -8*g, -4*u = -g + 257. What is the tens digit of g?
3
Let u be (-20 + 918)/(1/4). Let d = -2085 + u. What is the units digit of d?
7
Let c(h) = -h**2 - 7*h - 7. Let b be c(-3). Suppose -b*l + 1735 = 4*x, -x = -5*l - 152 - 263. What is the units digit of x?
0
Suppose 0 = 30*a + 25 - 175. What is the hundreds digit of 2/4*(6 + 2445 + a)?
2
What is the tens digit of 95 - (15 + -10 + 1)?
8
Let d = 130 - 125. Suppose -3*g - 787 = -5*l - 34, -d*l - 4*g + 746 = 0. What is the units digit of l?
0
Let b(g) = -g**3 + 24*g**2 + 31*g - 9. Let y be b(22). Let a = -1044 + y. Suppose 0 = -m + 3, -4*m = -2*p + 5*p - a. What is the units digit of p?
5
Let q(h) = 9*h**2 - 286*h - 23. What is the tens digit of q(42)?
4
Suppose -5*f + y = 48 + 3, -2*f - 4*y - 16 = 0. Let c(d) = -d**3 - 5*d**2 + 10*d + 21. What is the units digit of c(f)?
1
Let g = 42 + -95. Let y be (1105/(-51) - 7)/(1/(-3)). Let f = g + y. What is the units digit of f?
3
Let p(m) = -m**3. Let t(f) = -2*f**3 + 23*f**2 - 31*f + 49. Let q(k) = -3*p(k) + t(k). What is the units digit of q(-24)?
7
Let v(h) = -h**2 - 7*h - 10. Let o be v(-4). Let b be (2 - 0) + o + (1 - 0). What is the units digit of 171/b*(-3)/(3/(-5))?
1
Suppose -12*m + 11*m + 86 = 0. Let z = m - -7. Let n = 199 - z. What is the units digit of n?
6
What is the hundreds digit of (-48945)/(-7) + ((-1944)/84 - -23)?
9
Let s = -74 - -73. What is the hundreds digit of 86086/430 - s/(-5)?
2
Suppose 14*b - 253903 = 519135. What is the units digit of b?
7
Let l = 108684 - 59810. What is the units digit of l?
4
Suppose 221 + 570 = -y. Let d = -102 - y. What is the units digit of d?
9
Let a(f) = f**2 + 6*f - 18. Let v(j) = 32*j + 1. Let x be v(2). Let n = x + -81. What is the hundreds digit of a(n)?
1
Suppose 0 = -65*v + 719428 + 163272. What is the ten thousands digit of v?
1
Let q = 143 - 71. Let a be ((-32)/(-6))/(48/q). Let d(u) = 2*u**2 - 10*u + 1. What is the units digit of d(a)?
9
Let m = 338 + -341. What is the hundreds digit of m + -2 + (101 - -5)?
1
Let d(c) = -11*c + 27. Let j be d(-9). Suppose -j = 6*g - 2742. What is the tens digit of g?
3
Let z = -129 - -218. Let l = 91 - z. Suppose -3*p + 36 + 13 = 2*h, l*p - 33 = -h. What is the tens digit of p?
1
Let y = 70 - 61. Suppose -17*q + 212 = -y. What is the tens digit of 42/(-273) - (-2563)/q?
9
Let f(v) = v**3 + 6*v**2 - 29*v - 12. Let h be f(-9). What is the hundreds digit of (-8*(-3)/h)/(4/256)?
2
Suppose -3*r = -6*r. Let m be r - ((-268)/10 + 7/(-35)). Suppose 0 = i + 4*w - 98, -w - 61 = -i + m. What is the units digit of i?
0
Suppose 3*b - s - 74537 = 0, -3*b = s - 61336 - 13215. What is the ten thousands digit of b?
2
Let g(n) = 1621*n**2 + 614*n + 2492. What is the ten thousands digit of g(-4)?
2
Let r(z) = 5*z + 5. Let t be r(0). Suppose 5*k - 3311 = -4*u, 0 = t*k - 4*u + 659 - 3938. What is the tens digit of k?
5
Suppose -1257 = -4*n + n. Suppose s - n - 45 = 0. What is the units digit of s?
4
What is the hundreds digit of ((-2)/2)/(8361/133968 + 32/(-512))?
1
Suppose j + 694 = 1867. Suppose 27*p = -39 + j. What is the tens digit of p?
4
Let j = -37 + 55. Suppose 0 = 20*u - j*u - 376. What is the hundreds digit of u?
1
Let r(p) = -1050*p**3 + 5*p**2 - 2*p - 6. Let z(i) = 2100*i**3 - 8*i**2 + 5*i + 12. Let u(b) = -5*r(b) - 3*z(b). What is the hundreds digit of u(-1)?
0
Suppose -15*t + 288236 = -10*t + 3*c, 0 = -4*t + 5*c + 230648. What is the ten thousands digit of t?
5
Suppose 3*t - 67859 + 12479 = -a, 0 = -277*a + 279*a. What is the hundreds digit of t?
4
Let x(s) = 178*s + 2310. What is the tens digit of x(23)?
0
Suppose 12 = 2*x + 3*u - 2*u, 5*x + 3*u - 28 = 0. Let o = x - 6. What is the units digit of 16/((0 - o)/(-6))?
8
What is the hundreds digit of (-1 + -12606)/((-53)/(-44 + 150))?
2
Suppose -8*i + 12*i - 5*n = 13923, 10 = 2*n. What is the hundreds digit of i?
4
Let g(d) = d + 7. Let c(z) = z. Let w(v) = v**2 + 9*v - 27. Let k be w(-11). Let t be c(k). What is the units digit of g(t)?
2
Let y(s) = -323*s - 2734. What is the hundreds digit of y(-34)?
2
Let t = -294 + -1373. Let f = t + 2336. What is the tens digit of f?
6
Let i = -3907 + 9097. What is the tens digit of i?
9
Suppose 11*g = 28*g - 340. Let m(i) = 3*i**2 - 54*i + 24. What is the tens digit of m(g)?
4
What is the units digit of (11816 + -5)*6/(-27)*-3 - -4?
8
What is the units digit of 3/(((-6632379)/(-829044) + -8)*4)?
9
Let b(c) = 64*c**2 + 3*c - 14. Let i be b(4). Suppose t - i = -k, 5*t - 5104 = 4*k - 3*k. What is the units digit of t?
1
What is the units digit of ((-176916)/24 + 0)/(7/42*-3)?
3
Let n(w) = 16*w**2. Let v be n(1). Suppose -v*d - 20 = -20*d. Suppose -17 = -d*f + j + j, -5*j - 2 = f. What is the units digit of f?
3
Suppose 227*f - 226*f - 579 = 0. Let n = f + -94. What is the units digit of n?
5
Let h be (-5 - -15) + -4 - (-6 + 6). Suppose -4*w = y - 238, -h*y + 9*y + 4*w = 730. What is the units digit of y?
6
Let h(b) = 13*b**2 + 54